late the remainder when 506 is divided by 131.
113
What is the remainder when 71 is divided by 49?
22
Calculate the remainder when 64 is divided by 10.
4
Calculate the remainder when 96 is divided by 2.
0
What is the remainder when 1625 is divided by 3?
2
Calculate the remainder when 2372 is divided by 132.
128
Calculate the remainder when 881 is divided by 63.
62
Calculate the remainder when 32 is divided by 18.
14
What is the remainder when 922 is divided by 13?
12
What is the remainder when 3230 is divided by 1608?
14
What is the remainder when 4150 is divided by 8?
6
What is the remainder when 2831 is divided by 1403?
25
Calculate the remainder when 321 is divided by 22.
13
Calculate the remainder when 662 is divided by 122.
52
What is the remainder when 85 is divided by 22?
19
Calculate the remainder when 237 is divided by 26.
3
What is the remainder when 24 is divided by 7?
3
What is the remainder when 92 is divided by 16?
12
Calculate the remainder when 232 is divided by 53.
20
Calculate the remainder when 142 is divided by 2.
0
What is the remainder when 817 is divided by 41?
38
What is the remainder when 3700 is divided by 36?
28
Calculate the remainder when 640 is divided by 87.
31
What is the remainder when 3047 is divided by 127?
126
Calculate the remainder when 417 is divided by 33.
21
What is the remainder when 1031 is divided by 104?
95
What is the remainder when 29 is divided by 7?
1
What is the remainder when 94 is divided by 24?
22
What is the remainder when 1941 is divided by 36?
33
Calculate the remainder when 266 is divided by 67.
65
What is the remainder when 102 is divided by 18?
12
Calculate the remainder when 165 is divided by 29.
20
Calculate the remainder when 180 is divided by 152.
28
Calculate the remainder when 693 is divided by 116.
113
Calculate the remainder when 96 is divided by 47.
2
Calculate the remainder when 798 is divided by 12.
6
Calculate the remainder when 98 is divided by 33.
32
What is the remainder when 218 is divided by 21?
8
What is the remainder when 188 is divided by 184?
4
Calculate the remainder when 1443 is divided by 47.
33
What is the remainder when 199 is divided by 21?
10
Calculate the remainder when 568 is divided by 146.
130
What is the remainder when 115 is divided by 13?
11
Calculate the remainder when 1861 is divided by 69.
67
What is the remainder when 1955 is divided by 956?
43
What is the remainder when 347 is divided by 62?
37
Calculate the remainder when 199 is divided by 40.
39
Calculate the remainder when 6129 is divided by 102.
9
Calculate the remainder when 1535 is divided by 305.
10
What is the remainder when 2737 is divided by 33?
31
Calculate the remainder when 3338 is divided by 20.
18
What is the remainder when 2975 is divided by 32?
31
What is the remainder when 107 is divided by 37?
33
What is the remainder when 981 is divided by 375?
231
What is the remainder when 167 is divided by 51?
14
Calculate the remainder when 103 is divided by 11.
4
Calculate the remainder when 3537 is divided by 122.
121
What is the remainder when 138 is divided by 29?
22
Calculate the remainder when 1150 is divided by 557.
36
What is the remainder when 555 is divided by 14?
9
What is the remainder when 1478 is divided by 185?
183
Calculate the remainder when 1142 is divided by 11.
9
What is the remainder when 281 is divided by 89?
14
What is the remainder when 152 is divided by 40?
32
Calculate the remainder when 395 is divided by 372.
23
Calculate the remainder when 238 is divided by 225.
13
Calculate the remainder when 573 is divided by 27.
6
What is the remainder when 3856 is divided by 30?
16
Calculate the remainder when 320 is divided by 91.
47
What is the remainder when 1253 is divided by 295?
73
What is the remainder when 222 is divided by 98?
26
What is the remainder when 3663 is divided by 136?
127
Calculate the remainder when 302 is divided by 67.
34
Calculate the remainder when 433 is divided by 7.
6
What is the remainder when 592 is divided by 99?
97
Calculate the remainder when 238 is divided by 51.
34
What is the remainder when 523 is divided by 162?
37
Calculate the remainder when 4550 is divided by 33.
29
What is the remainder when 1120 is divided by 19?
18
What is the remainder when 78 is divided by 32?
14
What is the remainder when 22702 is divided by 19?
16
Calculate the remainder when 2618 is divided by 21.
14
What is the remainder when 292 is divided by 47?
10
What is the remainder when 37 is divided by 25?
12
What is the remainder when 18 is divided by 7?
4
Calculate the remainder when 525 is divided by 132.
129
Calculate the remainder when 2838 is divided by 1414.
10
Calculate the remainder when 3085 is divided by 123.
10
Calculate the remainder when 2074 is divided by 138.
4
What is the remainder when 285 is divided by 24?
21
Calculate the remainder when 214 is divided by 79.
56
Calculate the remainder when 305 is divided by 91.
32
Calculate the remainder when 5748 is divided by 63.
15
What is the remainder when 414 is divided by 203?
8
What is the remainder when 900 is divided by 231?
207
What is the remainder when 87 is divided by 24?
15
What is the remainder when 653 is divided by 25?
3
Calculate the remainder when 3779 is divided by 135.
134
What is the remainder when 487 is divided by 172?
143
What is the remainder when 890 is divided by 19?
16
What is the remainder when 1578 is divided by 79?
77
What is the remainder when 841 is divided by 182?
113
Calculate the remainder when 905 is divided by 46.
31
What is the remainder when 19 is divided by 9?
1
Calculate the remainder when 293 is divided by 92.
17
Calculate the remainder when 121 is divided by 93.
28
Calculate the remainder when 830 is divided by 60.
50
What is the remainder when 256 is divided by 91?
74
What is the remainder when 1929 is divided by 480?
9
Calculate the remainder when 311 is divided by 63.
59
Calculate the remainder when 3262 is divided by 71.
67
What is the remainder when 1034 is divided by 60?
14
Calculate the remainder when 14239 is divided by 101.
99
Calculate the remainder when 32 is divided by 17.
15
What is the remainder when 245 is divided by 31?
28
Calculate the remainder when 166 is divided by 43.
37
Calculate the remainder when 3083 is divided by 61.
33
Calculate the remainder when 172 is divided by 43.
0
What is the remainder when 155 is divided by 37?
7
Calculate the remainder when 49 is divided by 25.
24
Calculate the remainder when 719 is divided by 104.
95
Calculate the remainder when 2338 is divided by 138.
130
What is the remainder when 1214 is divided by 61?
55
What is the remainder when 253 is divided by 86?
81
What is the remainder when 76 is divided by 11?
10
Calculate the remainder when 873 is divided by 68.
57
What is the remainder when 578 is divided by 83?
80
Calculate the remainder when 3165 is divided by 2.
1
Calculate the remainder when 1491 is divided by 2.
1
What is the remainder when 449 is divided by 84?
29
What is the remainder when 33 is divided by 9?
6
What is the remainder when 1003 is divided by 199?
8
Calculate the remainder when 204 is divided by 104.
100
What is the remainder when 400 is divided by 58?
52
What is the remainder when 5 is divided by 3?
2
Calculate the remainder when 39 is divided by 12.
3
Calculate the remainder when 642 is divided by 321.
0
Calculate the remainder when 183 is divided by 5.
3
What is the remainder when 429 is divided by 63?
51
What is the remainder when 229 is divided by 65?
34
What is the remainder when 1104 is divided by 85?
84
What is the remainder when 1744 is divided by 53?
48
Calculate the remainder when 449 is divided by 30.
29
What is the remainder when 466 is divided by 97?
78
What is the remainder when 129 is divided by 13?
12
What is the remainder when 83 is divided by 13?
5
Calculate the remainder when 3097 is divided by 11.
6
What is the remainder when 407 is divided by 46?
39
What is the remainder when 461 is divided by 90?
11
What is the remainder when 740 is divided by 83?
76
What is the remainder when 222 is divided by 58?
48
What is the remainder when 160 is divided by 6?
4
What is the remainder when 886 is divided by 11?
6
What is the remainder when 198 is divided by 50?
48
Calculate the remai